 43*u**4/12 + 17*u**3/6 + 3668*u**2. What is x(17)?
0
Suppose -c = o + 6, 87 = 3*o - 3*c + 81. Let v(i) = -2*i. Let u(j) = 8*j - 4 + 9*j + 3. Let m(b) = -2*u(b) - 18*v(b). Calculate m(o).
-2
Let h = -522 - -521. Let r(y) = -y - 5. Let k(l) = -l + 1. Let i(u) = h*r(u) - 4*k(u). Give i(5).
26
Let c(u) = 3*u**2 - 8*u + 15. Let z(d) be the third derivative of -d**5/15 + d**4/4 - 5*d**3/2 + 86*d**2. Let s(j) = 3*c(j) + 2*z(j). Calculate s(10).
-5
Suppose -5*y - 131 + 276 = 115. Let u(b) = b**3 - 5*b**2 - 10*b + 23. Calculate u(y).
-1
Let y(t) = 3*t + 15. Suppose -13*f = -74*f + 610. Calculate y(f).
45
Let q(t) = t**2 + 9*t + 14. Let m be q(-8). Let s(y) = m*y - y - 7*y + y - 14. Suppose -15 = 2*v + 1. Determine s(v).
-6
Let p(a) be the first derivative of a**5/30 + 5*a**4/12 + 53*a**3/3 - a**2/2 + 57. Let c(y) be the third derivative of p(y). What is c(-8)?
-22
Let z(c) be the third derivative of -c**7/1260 + 7*c**6/720 - c**5/60 - 13*c**4/24 + 175*c**2. Let f(d) be the second derivative of z(d). Calculate f(5).
-17
Let y(u) = -29*u**2 - 239*u - 80. Let a be y(-8). Let q(f) = -f**3 - 26*f**2 - 49*f - 23. Give q(a).
1
Let l(o) = 2*o**3 - 4*o**2 + 3*o. Let s = 89 + -92. Let c(y) = 2*y**3 - 4*y**2 + 3*y. Let q(d) = s*c(d) + 4*l(d). Give q(3).
27
Let t(n) = 503*n - 2*n**3 + n**3 + 8 + 11*n**2 + 490*n - 999*n. Give t(10).
48
Let n(w) = -w**2 - 12*w + 5. Let b be 130/(-13)*((-168)/35 + 6). Determine n(b).
5
Let u be 0 - (6/2 + 2). Let i(j) be the first derivative of -j**2 + j - 1038. Let d(l) = 3*l - 1. Let g(s) = u*i(s) - 3*d(s). Give g(-9).
-11
Let h(s) = 1. Let j(t) = -9*t + 3. Let c(y) = -5*h(y) + j(y). Give c(-7).
61
Let d(s) = 5*s**3 + s**2 + 3*s + 6. Let y = -18 + 15. Let h(q) = -11 - q**2 + 23 - 3*q - 2*q**3 - 15 + 2*q. Let a(n) = y*d(n) - 7*h(n). Determine a(4).
-5
Let l(b) = -2*b**2 - 4*b + 3*b - 12*b + b**2 - 5. Suppose 0*k - 43 = 10*k + 47. Give l(k).
31
Let k(n) = -3*n**2 - 8*n - 7. Let h be 2/(-4)*(115 + -105). Calculate k(h).
-42
Let m(w) = -w**2 - 4*w + 7. Let f(t) = t**3 + 25*t**2 + 20*t - 96. Let k be f(-24). Suppose 25 = -12*n + 7*n, k = -3*y + 5*n + 13. Give m(y).
7
Suppose 6*z - 56 + 2 = 18. Let b(w) = -3*w + 2*w - 8 - 3*w + 5*w. Determine b(z).
4
Let j = 14 + -23. Let c(d) = -8343281*d + 8343285*d + 4 + 5. Determine c(j).
-27
Let w(l) be the first derivative of -l**4/4 + 6*l**3 - 19*l**2/2 + 20*l - 806. Give w(17).
-14
Let l(g) = 175*g - 191*g - 2 + 11 + 22*g**2. Let n(k) = 7*k**2 - 5*k + 3. Let j(a) = -2*l(a) + 7*n(a). What is j(2)?
17
Let j(g) = -4*g**3 - 3*g**2 + 25*g + 28. Let o be j(-1). Let m(w) be the second derivative of -w**3/6 + 3*w**2 + 2*w. Calculate m(o).
2
Let c(v) be the third derivative of -v**5/15 + v**4/8 + v**3/3 + 29*v**2 - 54. What is c(-2)?
-20
Suppose 0*b - 2*b = -72. Suppose r = -4*r - 20, -b = -t + 5*r. Suppose 20 = 4*u + t. Let a(q) = -q**2. Determine a(u).
-1
Let n(x) = -6*x + 21. Let h = -4148 - -4159. Calculate n(h).
-45
Let u(h) be the second derivative of 93*h - 1/6*h**3 + 3*h**2 - 1/12*h**4 + 0. What is u(5)?
-24
Let i(n) be the first derivative of 2*n**2 - 17*n - 523. Determine i(14).
39
Let j(o) = 95*o + 521. Let a(q) = 32*q + 173. Let n(d) = 11*a(d) - 4*j(d). Give n(-6).
-13
Suppose -3*h - 12 = -2*o + 10, 5*o - 13 = -3*h. Let s(i) = i**3 + 7*i**2 + 6*i + 6. Give s(h).
30
Let h be 1/(28/316) - (-10)/(-35). Let w(l) = -5 + 128*l**2 - h - 127*l**2 + 9*l. Give w(-11).
6
Suppose -43 - 7 = -5*j. Let c(u) = -9*u + 108*u**2 + 90*u**2 - 331*u**2 + 134*u**2 - 2. Calculate c(j).
8
Let s(c) = c - 2. Let u(r) = 7*r**2 + r - 6. Let q be u(3). Let h = -23 + q. Suppose -h = -4*d - 9. Calculate s(d).
5
Let t = -13 - -18. Let z be 13/t + (-6)/(-15). Let w(i) be the first derivative of -i**2 - 2335. Calculate w(z).
-6
Let j(c) = 437 - 22*c - 800 + 421. What is j(4)?
-30
Let w(g) be the first derivative of g**5/120 - g**4/12 - 11*g**3/3 - 2*g - 91. Let y(f) be the third derivative of w(f). What is y(2)?
0
Let u(c) = -365*c**2 - 45 + 726*c**2 - 360*c**2 - 11*c. Determine u(-7).
81
Let j = -508 + 499. Let y(r) = -r - 14. Let z be y(-10). Let q be z/18 + 88/j. Let x(g) = -g - 13. Calculate x(q).
-3
Let r(i) = -3*i + 68. Let h be ((-315)/(-210))/((-1)/(-4)). Calculate r(h).
50
Let q(z) = -9*z + 61 - 113 - 7*z + 62 + 84. Determine q(6).
-2
Let a(i) = i + 46. Let m(k) = -15*k - 321. Let f(t) = -7*a(t) - m(t). Suppose 0 = -3*x - 2*x + 15. Determine f(x).
23
Let k be (1 - 0)/(3 - 2). Let j be ((-5)/(-20))/(k/4). Let g(u) = 14*u**2 - 2 + 178*u - 366*u + 1 + 188*u. What is g(j)?
13
Let p be (-1 - -3)*(-161)/(-23). Suppose 2*j - 2 + p = 0. Let z(f) = f**2 + 6*f + 8. Calculate z(j).
8
Let z(w) = -11*w + 6*w - 2*w - 2. Let c be (-6 - -4)*2*11. Let h = c + 42. What is z(h)?
12
Let h be (-17)/(-7) + (-13)/(364/(-16)). Let j(d) = -3 - 1 + 9 + h*d. Let c(q) = 4*q + 8. Let w(f) = 5*c(f) - 7*j(f). Determine w(0).
5
Suppose -241*v = -235*v - 138. Suppose -20*x - 37 = v. Let y(g) = g**2 - 3. Give y(x).
6
Let v(t) = -t**3 + 5*t**2 + 4*t. Suppose 5*k + 4*b = -40, 0 = 5*b - 0*b. Let g = k + 6. Let c be (-40)/(-7) - g/7. Calculate v(c).
-12
Let p(i) = 2*i**2 + 9*i + 12. Suppose -3*y - 2*q + 31 = 44, y + 2*q + 3 = 0. Determine p(y).
17
Let i(z) be the second derivative of z**3/6 - 13*z**2/2 - 15*z. Suppose -3*l + 20 = 5. Suppose 12 = -2*g + l*g - 4*u, -5*u - 15 = 0. What is i(g)?
-13
Let t(f) = -f**3 - 2*f**2 + f + 3. Let r be 3 - 28/(6 - -1). Let s be r*0/(-6) - 3. Determine t(s).
9
Let r(m) = -m**3 + 8*m**2 - 9*m + 10. Suppose -3*z + 4*y - 9*y = -11, z - 13 = 3*y. Determine r(z).
-4
Let l(t) = -t**2 - 6*t + 5. Let n(b) = 2*b**2 + 5*b - 4. Let u(a) = -3*l(a) - 4*n(a). Let g be ((-28)/182)/(((-4)/(-26))/(-2)). What is u(g)?
-23
Let d(j) = 3*j**2 + 3*j**3 + 0 + 0 - 2*j**3. Suppose -6*m + m - 5 = 0. Let f be (14 - 17)*(2 + m). Give d(f).
0
Let x(y) = -3*y**3 + 38*y**2 + 194*y + 173. Let l(g) = 4*g**3 - 53*g**2 - 258*g - 230. Let n(m) = -7*l(m) - 9*x(m). What is n(31)?
-9
Let y(l) = -l - 4. Suppose -5*o + 556 = 2*r, -o - r = -4*r - 118. Let q = -107 + o. Suppose q*p + 0*n - 4*n = 12, -5*n - 15 = -3*p. Calculate y(p).
-4
Let r = 2461/5 - 7378/15. Let i(k) be the second derivative of -17*k + 0 - 3*k**2 + 5/12*k**4 + 1/20*k**5 - r*k**3. Give i(-5).
4
Let d(s) be the second derivative of s**5/20 + 5*s**4/6 + 2*s**3 + 13*s**2/2 + 52539*s. Suppose 12 = 5*y + 57. Determine d(y).
-14
Let r(m) = 3*m**2 + 3*m + 2. Let a(f) = 2*f + 11. Let i be a(5). Let z = i - 16. Suppose 21 = -z*p + 11. Give r(p).
8
Let z(u) = -u**3 + 2*u**2 - 3*u + 15. Let s be z(3). Let c(l) = -13*l + 3. Calculate c(s).
42
Suppose 33*s - 76 = 23. Let x(l) = -2 + 2 + 3*l + s*l - 3*l. Calculate x(-2).
-6
Let m(h) = -173*h + 45. Let u(i) = -80*i + 20. Let a(l) = 6*m(l) - 13*u(l). What is a(-14)?
-18
Let o(u) = -u - 10. Let m(n) = -6*n - 70. Let z(d) = 2*m(d) - 14*o(d). Suppose 0 = -4*h - 3*w - 5, -w - w + 2 = 0. Let v = 4 - h. Give z(v).
12
Let k(g) = g**3 + 7*g**2 + 7*g - 5. Suppose 18*b - 19*b = 36. Let o be (-27)/b - 27/4. Give k(o).
-11
Suppose 2*s - 4 - 2 = 0. Let k(u) = -u - s - 3*u + 9*u. Give k(2).
7
Let m(x) = x - 16. Let u = -502 + 985. Let y = -470 + u. Give m(y).
-3
Let o(j) = -2 - 152*j + 153*j - 8. Let h(l) = 3*l**2 + l - 2. Let z be h(2). What is o(z)?
2
Let k(v) be the third derivative of -v**6/120 - v**5/12 + 7*v**4/24 + v**3/3 + 910*v**2. Give k(-6).
-4
Let f = -3 + 5. Let q(p) = -107*p**2 + 31*p + 4. Let o(a) = -463*a**2 + 134*a + 17. Let d(l) = 6*o(l) - 26*q(l). What is d(f)?
10
Let u be (5 + (-18)/(-12))/((-18)/(-36)). Let x(m) = 3*m - 38. Calculate x(u).
1
Let s(y) = -2 + 927*y - 5*y**2 - 929*y - 1 + 2. Calculate s(2).
-25
Suppose -5*l = -4*a - 38, -2 = -3*l + 4. Let o(q) = -q**2 - 5*q - 12. Calculate o(a).
-26
Let g(i) = -5*i + 62. Let f(w) = w + 12. Let o(n) = -2*f(n) + g(n). Determine o(8).
-18
Suppose -6*o - 9627 + 9741 = 0. Let z(i) = -i**3 + 20*i**2 - 19*i - 6. Determine z(o).
-6
Let n = -4444 + 4448. Let p(s) be the first derivative of -n*s**2 - 1/3*s**3 - 4*s - 17. Determine p(-6).
8
Let g(v) = -4*v**2 + 18*v + 9. Let x(q) = -21*q**2 + 92*q + 50. Let f(n) = -11*g(n) + 2*x(n). Determine f(8).
17
Let s(m) = 2*m**3 - m - 3. Let d(h) = 5*h**3 - 22*h**2 - 26*h - 55. Let c(l) = -d(l) + 3*s(l). Give c(-21).
4
Let l be (-3)/1 - (7*-1 + 2). Suppose -14 = l*q - 9*